Let i(x) = -26*x**3 + 3*x**2 - 119*x - 911. What is the thousands digit of i(-7)?
8
Let h(c) = 39*c + 5. Let r be h(5). Let k = r - 10. What is the tens digit of k?
9
Let k be 12/10 + (-1260)/175. What is the tens digit of (k/9)/((-3)/1899)?
2
Suppose -2*v = 4*t - 30, 8*t = -5*v + 9*t + 31. Suppose -v*j = 35*j - 5460. What is the hundreds digit of j?
1
Let p = -224 + 174. Let h = p + 80. What is the tens digit of h?
3
Let u be (-5 - (-112)/24)/(2/(-30)). What is the tens digit of 1052/u + (-624)/(-40) + -15?
1
Let d be ((-10)/35)/(2/(-14)). Suppose 5*t + d = 2. What is the tens digit of t - (-5)/((-5)/(-99))?
9
Let z(l) be the first derivative of 1 - 5*l**2 - 6*l + 2 + 5 + 8. What is the tens digit of z(-4)?
3
Let j(u) = -8*u**3 + 4*u**2 - 3. Let z be j(5). Let f = 226 - z. What is the thousands digit of f?
1
What is the units digit of (-7)/((-35)/80) - -63925?
1
Suppose -5*w + 153 = 3*z - 2*w, 5*z - 5*w - 295 = 0. Let t = z + -50. Suppose -4*c + 87 = h, -129 = -3*h + t*c + 64. What is the tens digit of h?
7
Let z(s) = -s**3 + s**2 + 3. Let k be z(3). Let p be 1/((-3 + (-48)/k)/78). Suppose 0 = -3*d + 8*d - p. What is the tens digit of d?
7
Let t = -3537 - -5534. What is the units digit of t?
7
Let f = 262 - 259. What is the hundreds digit of (4 + 116/(-16))/(f/(-612))?
6
Suppose -h - 4*q + 20 = -5*q, -q = -2*h + 43. Let y(a) = -a**3 + 23*a**2 + 14*a - 18. What is the units digit of y(h)?
4
Let x be (1/(-2))/((-1 + -1)/164). Suppose x + 27 = 2*k. Suppose -27*c - 637 = -k*c. What is the tens digit of c?
9
What is the tens digit of (1 - -2 - (-230)/(-90)) + 6919097/171?
6
Suppose -5*l + 2*k + 40 = 0, 0 = l + 4*k - 2 - 28. What is the tens digit of (l - 11) + 578/1?
7
Suppose -l + 33 = -317. Suppose 17*j - 22*j = -l. Suppose 5*r = -2*z + j, -5*z + 0*r + 4*r + 142 = 0. What is the tens digit of z?
3
Suppose -5*g + 18 = -4*o + 55, o = 2*g + 13. Suppose -5*d = -z - 57, d - 76 = o*z + 81. What is the tens digit of 1*-1 + (-19 - z)?
3
Suppose -3*i - 6 = 0, -n - 5*i = -9*i - 12. Suppose -4*b + 5129 = 5*f, n*b + b = 4*f - 4095. What is the units digit of f?
5
Let j(u) = -11*u - 38. Let t be j(4). Let n be (2 + 5/(-2))*-370. Let a = n + t. What is the units digit of a?
3
Let w(q) = -110*q**3 - 4 + 45*q**3 - 2 - 8*q + q. What is the hundreds digit of w(-2)?
5
Suppose 31*l = 22*l + 162. Suppose 0 = q - 3*i - l, -109 + 37 = -4*q - 4*i. What is the tens digit of q?
1
Let s(n) = 0*n**2 - 18*n + n + n**2 - 17 + 4*n. What is the hundreds digit of s(-7)?
1
Let l(r) = 3*r**2 + 39*r + 11. Suppose -4*b - 60 = -5*f + 64, 4*f = b + 42. What is the units digit of l(b)?
5
Suppose 0 = 68*h - 40*h - 472444. What is the ten thousands digit of h?
1
Let n(a) = 181*a**2 + 139*a + 976. What is the tens digit of n(-8)?
4
Suppose 5*h - 5*d = 101350, -1 - 7 = -2*d. What is the thousands digit of h?
0
Suppose 0 = 14*q - 244995 + 35065. What is the ten thousands digit of q?
1
Let m(y) = -19 + 108*y - 67 - 192*y + 17*y**2 + 110*y - y**3. What is the units digit of m(16)?
6
Suppose g - 4*r - 2127 = 0, 0 = -19*g + 14*g + 4*r + 10555. What is the tens digit of g?
0
Suppose -4*v = -3*l + 5*l + 580, -3*v + 3*l - 453 = 0. What is the units digit of ((-84)/(-49) + -2)*v?
2
Suppose 4*n - 158894 - 41339 = m, 4*m = 4*n - 200224. What is the hundreds digit of n?
0
Let t be (46/7 - 6) + (-22140)/(-14). Suppose -z - 538 = -t. What is the units digit of z?
4
Let p(u) = -u**2 + 3*u + 18. Let x be p(6). Suppose x = 7*s - 1341 - 1018. Let f = -174 + s. What is the hundreds digit of f?
1
Suppose -2*w = 5*a - 1586, 0 = -2*w - 939*a + 944*a + 1526. What is the tens digit of w?
7
Let j be 23/2 + -2 - 15/10. What is the units digit of ((-292800)/(-36))/16 + j/(-6)?
7
Suppose -1087 = -4*z - o, 3*z + o + 480 - 1296 = 0. Let r = z + -41. What is the hundreds digit of r?
2
Let d(n) = 79*n**2 + 126*n + 1539. What is the units digit of d(-11)?
2
What is the thousands digit of 16*2359 + (4 + -5 - (-10 - -7))?
7
Let v = -188 + 346. Let d = v - 62. What is the tens digit of d?
9
Let i be 293*-8*(4 + -3). Let k be 10/30 - (i/(-6))/2. Let y = -105 - k. What is the tens digit of y?
9
Let n(c) = -43*c + 24. Let o(q) = -q**3 - 3*q**2 + 4*q + 5. Let b be o(-2). What is the tens digit of n(b)?
2
Let q = 14548 - 6482. What is the thousands digit of q?
8
Let r = -20936 + 35691. What is the ten thousands digit of r?
1
Let b(l) = l**3 + 2*l**2 + 7*l + 3. Let u be b(-4). Let z be (u/(-38))/((-2)/32). What is the units digit of 16/z - (-143)/3?
7
Suppose 23*f + 2172 = 29*f. Suppose -5*t + b + 368 = -0*b, 0 = -5*t + 4*b + f. What is the tens digit of t?
7
Let w be (0 - (4 - 9))*1. Let d(l) = -11*l - 5. Let y be d(w). What is the units digit of 6/9 + y/(-18)?
4
Let a be (29 + -2)/(1*9/6). Suppose v = -4*w + 230, -3*v - 46 - a = -w. Suppose -w - 208 = -7*o. What is the units digit of o?
8
What is the hundreds digit of ((-2)/(-15))/(-1) + (-386528)/(-60)?
4
Let j = 14 - 12. Suppose -2*x - j = k - 1, k + 1 = -x. Let v(r) = -133*r**3 + r**2 + r + 1. What is the units digit of v(k)?
4
Let g = -156 - -744. What is the tens digit of g?
8
Suppose 2*r + 2*r = -8. Let p be 25*-5*r/25. What is the tens digit of (-8)/10 + 1158/p?
1
Let w(n) = -19*n - 288. Let g be w(-15). What is the units digit of g - (-40)/15 - (-8300)/6?
3
Suppose -180 = 2*u + 150. What is the hundreds digit of (-5506)/(-10) + 99/u?
5
Suppose 16*j - 73*j + 12*j + 92475 = 0. What is the units digit of j?
5
Suppose 154*c - 31028 = 150*c + 2*j, -4*j = 0. What is the tens digit of c?
5
Suppose -858073 - 1593272 = -36*m - 104325. What is the units digit of m?
5
Let i(d) = -d**3 + 12*d**2 - 6*d - 14. Let t be i(9). Suppose -s + 0*s = -b + t, 0 = 4*b - 2*s - 698. What is the units digit of b?
4
Let n(z) = z**3 + 21*z**2 + 21*z + 9. Let i be n(-20). What is the units digit of (i - 444/(-36))/(2/1386)?
4
Suppose 0 = -2*a + 6, 193652 = 4*g - 2*a - 8214. Suppose -32*s = -69*s + g. What is the thousands digit of s?
1
Let i(v) = v**3 - 10*v**2 + 17*v - 24. What is the hundreds digit of i(17)?
2
Let q = -467 - -959. Suppose -4*l + 4*z + 480 = 9*z, -2*z + q = 4*l. What is the tens digit of l?
2
Let t(c) = c**2 + 3*c + 3. Let d be t(-3). Suppose d*w + 2*u - 4 = 20, -2*w = 2*u - 18. What is the units digit of (-45 - -5)/(w/(-9))?
0
Let n = 43 - 31. Suppose -164 = -n*z + 184. Suppose -y - 3*j - j = -z, -3*y = 2*j - 117. What is the tens digit of y?
4
Let n(s) = -s**2 + 13*s + 54. Let u be n(16). What is the units digit of ((21 - u)/(-3))/(3/(-219))?
5
Let l be 273 - (-6)/((-5)/(-5)). What is the tens digit of -4 - (5 - 2*l) - 2?
4
Suppose 0 = -21*a - 133 + 7. Let g = 45 - 19. What is the units digit of g + a + (-2 - -5)?
3
Let a(x) = -5*x - 25. Let w be a(9). What is the hundreds digit of w/(-21)*33 - (4 + 0)?
1
Suppose 4*y + 78 = -5*n + 29, 4*y + 3*n + 39 = 0. What is the hundreds digit of (-1569)/y + (-2)/(-4)?
2
Let n(y) = 41*y + 111*y - 55 + 3*y**2 + 6*y - 44 + 20. What is the thousands digit of n(-60)?
1
Let l be (-4 + 4 + -1)*-2. Suppose -25*n + 182 = -24*n - 5*m, m = -l. What is the units digit of n?
2
Let c(z) = -z**3 - 4*z**2 + 11*z + 15. Let d be c(-5). Let t(b) = -b**3 - 13*b**2 + 4*b + 16. What is the tens digit of t(d)?
0
Let s be 3834 - -4 - (8 + -1). Suppose 11*t - 2450 - s = 0. What is the hundreds digit of t?
5
Let s = -4 - -7. Let y be 6 - 1 - ((7 - s) + -2). Suppose 6*j + 25 = j, -y*f = -3*j - 330. What is the units digit of f?
5
Let g be (-2)/(-4)*(6 - (-2)/(-1)). Let v be (-6)/(-18) - 658/(-6). Suppose 0 = g*u + 3*u - v. What is the units digit of u?
2
Suppose 3*y - 1218 = 1221. Let n = y + 425. What is the units digit of n?
8
Let i(p) = -p**3 + p**2 - p + 72. Suppose 0 = 2*w + 2*v + 6, v - 2*v = 5*w + 27. Let k = -6 - w. What is the units digit of i(k)?
2
Suppose -34*l + 33*l + 1 = 0. What is the tens digit of 15*1*(-50)/(-3)*l?
5
Let v(t) = -12*t**3 - 5*t - 22. Let b be v(-3). Let f = 493 - b. Let u = 7 + f. What is the tens digit of u?
8
Suppose 0 = 63*h - 419035 - 450428. What is the ten thousands digit of h?
1
Let s be -4*10/(-8)*(-21)/(-35). Suppose s*t + 2*u - 9 = 0, 3*t - 3 - 6 = -3*u. Suppose t*c = 122 + 295. What is the hundreds digit of c?
1
Suppose -41*h = -58*h + 23443. Let x = -825 + h. What is the hundreds digit of x?
5
Suppose -42*p + 96719 = -3